s 37 divide 894697?
True
Is 63 a factor of 173478?
False
Is 262 a factor of 73360?
True
Is 15 a factor of 5993915?
False
Is 209 a factor of 11453299?
False
Is 11 a factor of 3892068?
False
Is 4602222 a multiple of 13?
False
Is 9038813 a multiple of 133?
True
Does 13 divide 75138?
False
Is 5 a factor of 135497?
False
Is 845368 a multiple of 214?
False
Does 327 divide 1444216?
False
Is 457584 a multiple of 6?
True
Is 113389 a multiple of 149?
True
Is 145 a factor of 683530?
True
Is 17 a factor of 5983422?
True
Is 658 a factor of 4947284?
False
Is 6320942 a multiple of 263?
True
Does 60 divide 1748040?
True
Is 1880052 a multiple of 12?
True
Does 2 divide 1188?
True
Is 10521553 a multiple of 721?
True
Does 193 divide 401054?
True
Is 2424248 a multiple of 82?
True
Is 395 a factor of 283249?
False
Is 10 a factor of 1636280?
True
Does 22 divide 7130068?
True
Is 2762329 a multiple of 643?
False
Is 3771810 a multiple of 315?
True
Does 201 divide 19296?
True
Does 178 divide 3382?
True
Is 4 a factor of 238440?
True
Does 392 divide 2237536?
True
Is 65 a factor of 891735?
True
Is 994770 a multiple of 210?
True
Does 213 divide 892044?
True
Is 6329250 a multiple of 1746?
True
Is 13 a factor of 147935?
False
Is 156 a factor of 231036?
True
Is 116293 a multiple of 3?
False
Is 32 a factor of 56155?
False
Is 32 a factor of 1509379?
False
Does 89 divide 12460?
True
Is 73 a factor of 174730?
False
Does 14 divide 19398460?
False
Is 838 a factor of 3171192?
False
Is 9537909 a multiple of 30?
False
Does 749 divide 22704437?
True
Is 26 a factor of 746538?
True
Is 140367 a multiple of 3?
True
Does 89 divide 92974?
False
Is 47050 even?
True
Is 191 a factor of 3057910?
True
Is 149475 a multiple of 41?
False
Is 1820 a multiple of 34?
False
Is 51051 a multiple of 17?
True
Does 30 divide 92700?
True
Does 594 divide 1448284?
False
Is 11 a factor of 149083?
True
Is 22 a factor of 6345435?
False
Is 15 a factor of 4848726?
False
Is 26722 a multiple of 42?
False
Is 5 a factor of 42510?
True
Is 36 a factor of 2294892?
True
Is 349600 a multiple of 95?
True
Is 108162 even?
True
Is 264 a factor of 198264?
True
Does 302 divide 24764?
True
Does 4 divide 4604672?
True
Is 6 a factor of 456546?
True
Is 146751 a multiple of 53?
False
Is 108432 a multiple of 12?
True
Is 58560 a multiple of 160?
True
Is 24 a factor of 122636?
False
Is 455 a factor of 1454635?
True
Does 10 divide 234244?
False
Does 27 divide 1376308?
False
Is 360787 a multiple of 199?
True
Is 9375594 a multiple of 996?
False
Does 30 divide 360240?
True
Does 7 divide 103565?
True
Does 26 divide 29536?
True
Does 13 divide 4190485?
True
Does 15 divide 241783?
False
Is 72 a factor of 92592?
True
Is 2579791 a multiple of 233?
False
Does 29 divide 304500?
True
Is 196 a factor of 5276712?
True
Is 47425 a multiple of 24?
False
Does 8 divide 32016?
True
Does 67 divide 41674?
True
Is 73785 a multiple of 125?
False
Is 30 a factor of 3949860?
True
Is 989617 a multiple of 211?
False
Does 25 divide 65975?
True
Does 84 divide 101647?
False
Does 35 divide 765485?
True
Does 29 divide 1965753?
False
Is 26 a factor of 30699?
False
Is 24 a factor of 147192?
True
Is 818810 a multiple of 10?
True
Does 13 divide 2756235?
False
Does 49 divide 251125?
True
Is 680067 a multiple of 291?
True
Does 31 divide 18464787?
False
Is 641940 a multiple of 153?
False
Does 89 divide 5164492?
True
Is 68841 even?
False
Does 152 divide 1120480?
False
Is 8236576 a multiple of 23?
True
Does 635 divide 241425?
False
Is 11 a factor of 372581?
True
Is 7 a factor of 7814199?
False
Is 135 a factor of 35851462?
False
Is 4879329 a multiple of 13?
True
Is 12 a factor of 383328?
True
Does 52 divide 264056?
True
Does 133 divide 27459?
False
Does 22 divide 4905895?
False
Is 2598101 a multiple of 1063?
False
Is 62 a factor of 2342546?
True
Is 817 a factor of 7870978?
True
Does 19 divide 46826?
False
Is 18909 a multiple of 33?
True
Is 90 a factor of 1132020?
True
Is 2346926 a multiple of 420?
False
Does 188 divide 87796?
True
Is 20 a factor of 30729320?
True
Is 292 a factor of 2435864?
True
Is 2987089 a multiple of 49?
True
Is 878410 a multiple of 266?
False
Does 49 divide 705120?
False
Is 12 a factor of 622191?
False
Does 114 divide 62824?
False
Does 222 divide 1795501?
False
Does 8 divide 1487924?
False
Is 129 a factor of 369843?
True
Does 122 divide 60998?
False
Does 402 divide 2842075?
False
Does 171 divide 295830?
True
Does 38 divide 98344?
True
Is 9 a factor of 25998?
False
Does 93 divide 282348?
True
Is 1689879 a multiple of 19?
True
Is 1687485 a multiple of 95?
True
Does 14 divide 87122?
True
Is 1096218 a multiple of 24?
False
Does 79 divide 235736?
True
Does 16 divide 138400?
True
Does 17 divide 213622?
True
Is 15 a factor of 2891237?
False
Is 48 a factor of 8508288?
True
Is 29 a factor of 46064?
False
Does 72 divide 345734?
False
Is 296109 a multiple of 297?
True
Is 5202600 a multiple of 435?
True
Is 1036 a factor of 2373258?
False
Does 139 divide 2993643?
True
Does 12 divide 29952?
True
Is 58 a factor of 235248?
True
Does 489 divide 1036280?
False
Is 31 a factor of 1017482?
True
Is 4 a factor of 1284196?
True
Is 1593225 a multiple of 412?
False
Is 504 a factor of 2962008?
True
Is 98810 a multiple of 491?
False
Is 38127 a multiple of 17?
False
Is 176 a factor of 209452?
False
Is 7364008 a multiple of 15?
False
Is 412250 a multiple of 34?
True
Does 52 divide 205878?
False
Does 46 divide 2615121?
False
Is 184 a factor of 1537730?
False
Is 10250903 a multiple of 16?
False
Is 473 a factor of 27141200?
False
Is 20356 a multiple of 4?
True
Is 196 a factor of 1818096?
True
Is 37 a factor of 237651?
True
Does 15 divide 218235?
True
Is 314 a factor of 44274?
True
Is 3931947 a multiple of 1581?
True
Is 11 a factor of 232958?
True
Is 26 a factor of 5381448?
False
Is 8 a factor of 218648?
True
Is 166456 a multiple of 4?
True
Is 21600 a multiple of 30?
True
Is 9 a factor of 37024?
False
Is 131 a factor of 654268?
False
Is 7 a factor of 335997?
False
Is 6 a factor of 3224496?
True
Does 82 divide 140530?
False
Is 68 a factor of 69430?
False
Does 47 divide 90379?
False
Does 33 divide 184107?
True
Does 7 divide 30968?
True
Is 5443472 a multiple of 8?
True
Does 155 divide 2981159?
False
Is 5329504 a multiple of 72?
False
Is 12 a factor of 25037836?
False
Is 9210463 a multiple of 41?
False
Does 5 divide 996012?
False
Is 154 a factor of 203936?
False
Does 493 divide 410068?
False
Is 152850 a multiple of 75?
True
Is 93 a factor of 6117533?
False
Is 35 a factor of 181265?
True
Is 553 a factor of 281477?
True
Is 3168656 a multiple of 116?
True
Does 267 divide 175152?
True
Does 246 divide 4315086?
True
Is 100 a factor of 90368?
False
Is 119 a factor of 4049013?
False
Is 117554 a multiple of 40?
False
Is 56 a factor of 448?
True
Does 89 divide 778920?
False
Is 2 a factor of 279940?
True
Is 36904 a multiple of 14?
True
Is 2892438 a multiple of 129?
True
Does 6 divide 870048?
True
Is 204170 a multiple of 11?
False
Is 552 a factor of 14517665?
False
Is 353494 a multiple of 119?
False
Is 15 a factor of 1842057?
False
Is 2661708 a multiple of 77?
False
Is 57418 a multiple of 19?
True
Is 10 a factor of 675310?
True
Is 16845 even?
False
Is 737873 a multiple of 4?
False
Is 2152883 a multiple of 8?
False
Is 4 a factor of 93608?
True
Is 2232276 a multiple of 4?
True
Is 59 a factor of 243257?
True
Is 676 a factor of 1359436?
True
Is 8 a factor of 4810840?
True
Is 1164890 a multiple of 95?
True
Does 213 divide 272542?
False
Is 2227527 a multiple of 17?
True
Is 11 a factor of 37096?
False
Is 271285 a multiple of 21?
False
Does 60 divide 230802?
False
Is 9 a factor of 873216?
True
Does 34 divide 13404?
False
Is 85532 a multiple of 20?
False
Is 19039 a multiple of 36?
False
Is 837 a factor of 4626099?
True
Does 841 divide 1367175?
False
Does 364 divide 12420519?
False
Is 23 a factor of 749225?
True
Is 28 a factor of 3618720?
True
Is 21 a factor of 14249172?
True
Does 104 divide 210288?
True
Is 12033 a multiple of 191?
True
Does 130 divide 62140?
True
Is 470516 a multiple of 19?
True
Does 180 divide 20829?
False
Does 132 divide 218640?
False
Is 130 a factor of 691210?
True
Is 2107210 a multiple of 6?
False
Is 235305 a multiple of 27?
True
Is 125969 a multiple of 23?
False
Is 3020436 a multiple of 36?
True
